(q).
8
Let n(f) = 36 - 65 + 28 + 3*f**3 - 2*f - f**2. Suppose -3*i - 2*i - 3*v = -2, 0 = -2*i - 3*v + 8. Let m = 1 + i. Determine n(m).
-3
Let j(z) = 5*z - 4. Let l(n) be the second derivative of 8*n**3/3 - 13*n**2/2 - 2*n. Let h(a) = 7*j(a) - 2*l(a). Let c be -1 + (-1 - 0) + 0. What is h(c)?
-8
Let k(x) = x - 2. Let a(i) = i**2 + 14*i + 16. Let r be a(-13). Determine k(r).
1
Let g(y) = 2 - y - 4 + 3*y. Calculate g(3).
4
Let x(v) = -v**3 - 3*v**2 + v - 1. Let y be x(-3). Let w = 2 - y. Suppose 0 = -2*s + w*s - 16. Let n(i) = 2*i - 2. What is n(s)?
6
Let b(u) = 3*u. Let g(a) = -2*a - 38. Let t be g(-20). Give b(t).
6
Let z(l) = -3*l + 20. Let a be z(7). Let r(u) = -7*u + 1. What is r(a)?
8
Let s(o) = -o**2 + 4*o. Let c be 27/(-12)*(-8)/3. Let b be (1 - 0)/(c/18). Give s(b).
3
Let z(t) = -t**2 + 1. Let g be z(-1). Suppose g = 4*n + n - 10. Let w(a) = -2 + n - a - 5. What is w(-5)?
0
Let z(o) = 4*o + 7. Let l(g) = 12*g + 20. Let a(v) = -4*l(v) + 11*z(v). Let k be 4/2*1 + 1. Suppose -3 = w + 3*s, 0 = 5*w + 2*s - k*s + 15. What is a(w)?
9
Let k(p) be the second derivative of 9*p**5/20 - p**3/6 - p. Let t(i) = 3*i - 6*i**2 - 7 - i - i + i**3. Let g be t(6). What is k(g)?
-8
Let b = 16 - 13. Let g(a) = 2*a + 2. Give g(b).
8
Suppose 0 = 2*z + 3*z - 50. Suppose -t = 5*u - 2, -2*u = 5*t - u - z. Let x(q) = q**3 + q**2 - q - 2. Determine x(t).
8
Let s(y) = y**3 + 9*y**2 - 3. Let a = -50 - -41. Give s(a).
-3
Let t(d) = 3*d**2 + 18*d - 10. Let j be t(-7). Let c(x) = -x**2 + 9*x + 16. Calculate c(j).
-6
Let q(p) be the first derivative of -p**4/4 - 8*p**3/3 + 5*p**2 + 6*p + 18. Give q(-9).
-3
Let i(z) = z**2 - 4*z - z - 15 + 12 - 2*z**2. Determine i(-6).
-9
Let j be 3 - (-1)/(-2 + 1). Suppose 0 = 10*l - 6*l - 8. Let v(n) = 2*n**j + 0*n**l - n**2. Determine v(2).
4
Let a(v) = -3*v. Let p(d) = -9*d. Let m(o) = -17*a(o) + 6*p(o). Let q be 2/(-5) + 2 - 20/(-50). Determine m(q).
-6
Let m(j) = -j + 10. Let t(w) = -w**2 - 2*w + 7. Let k be (-5 + 5)/(2*2). Let s be t(k). What is m(s)?
3
Let h(f) = f - 3. Let w(u) = 5*u - 1. Let v(a) = 3*a + 2*a + a**2 - 6*a. Let b(l) = -5*v(l) - w(l). Let n be b(-1). Give h(n).
-7
Let b(d) = -6*d - 15. Let a(y) = y + 2. Let q(j) = -27*a(j) - 4*b(j). Suppose -6*l = -3*l - 9. Suppose 5*g + 5 = 0, 3*g - 11 = -l*v + 2*g. Calculate q(v).
-6
Let t(c) be the second derivative of c**3/3 + 2*c**2 + 14*c. What is t(-4)?
-4
Let m(u) = 12 - 10*u - 4 + 8*u. Calculate m(6).
-4
Let v(i) = i + i - 9*i. Determine v(1).
-7
Let b = 8 + -4. Suppose 2*s = 2*y + 12, -3*y = 3*s - b - 2. Let p(o) be the first derivative of o**2 - o - 1. What is p(y)?
-5
Let y(w) = -w**3 - w + 7. Suppose 2*z + z - 15 = -3*o, -z = 2*o - 10. Determine y(z).
7
Let g(n) = n - 19. Let p be g(17). Let o(c) be the second derivative of -1/3*c**3 + 2*c + 0 + c**2. Calculate o(p).
6
Let m(y) = y**2 + 3*y - 1. Let v(d) = -d**3 - d**2 - d - 1. Suppose -9 = -3*p, 2*r - 3*p - 2 + 11 = 0. Let c be v(r). Let n be (-3)/(2 + c) - 0. Calculate m(n).
-1
Let z(b) = 5. Let y(n) = -n + 11. Suppose 0*m = -5*m + 45. Let d(i) = m*z(i) - 4*y(i). Determine d(-1).
-3
Let y(j) = j**2 + 10*j + 7. Let m = 123 - 133. Determine y(m).
7
Let j(v) = -v**2 - 10*v + 1. Let n be j(-10). Let s(z) = -4*z**3 - 2*z**2 + z + 7*z**3 + 7*z**3. What is s(n)?
9
Let l(s) = -7*s + 8. Let u(d) = -21*d + 25. Let a(q) = 7*l(q) - 2*u(q). Give a(4).
-22
Let w(k) = -k**3 + 6*k**2 + 8*k - 5. Let m(f) = 5*f**3 + 3*f**2 - 1. Let b be m(1). Determine w(b).
2
Let u be (-7 - (-4 - -2))/(-1). Let v(t) = -t**3 + 5*t**2 - 5*t + 6. What is v(u)?
-19
Let h(o) = -3*o - 23. Let d be h(-7). Let t(j) = -2*j - 1. Calculate t(d).
3
Suppose 3*z + 30 = 8*z. Let j(w) = -10*w + 17*w - 2 - w**2 - 3 - 4. Determine j(z).
-3
Let y(w) = -w - 2*w**2 + 0*w**2 - 1 - 3*w**3 + 2*w**3. Let h be 1 + 3 - (-1 - 0). Suppose 2*a - 5*d = h*a + 6, 2*a + d = -4. Determine y(a).
1
Let k(n) = 3*n - 12. Let g(b) = 2*b - 8. Let u(w) = -8*g(w) + 5*k(w). Let h be ((-3)/(-5))/((-5)/(-25)). Let v be u(h). Let y(o) = 6*o**2. Calculate y(v).
6
Suppose 6 = -4*t + 2*z, 0 = t + z + 2*z - 2. Let l(v) = -11*v**3 + 3*v - 6. Let d(i) = i**3 - i + 1. Let w(h) = 5*d(h) + l(h). Calculate w(t).
7
Suppose 5*w + 6 = 7*w. Let t(u) = -1 - 5*u + 3*u**2 + u**w - 1 - 4. What is t(-4)?
-2
Let u(r) = -4*r**2 - 2*r + 6*r**2 - 6 - 2*r - 3*r**2. Calculate u(-5).
-11
Let p(b) = -3*b**2 - 8*b - 3 + 2*b**2 - 6. Let n be p(-6). Let r(a) = a**3 - 2*a**2 - 3. Give r(n).
6
Let f be -1 - (-1)/((-1)/(-7)). Let j(s) = -s**2 + 4*s + 5. Give j(f).
-7
Let s be (-16)/(-6)*9/6*1. Let d(q) = -3*q - 4 + 4 + 6. Calculate d(s).
-6
Let b(u) = -2*u - 3. Let z(g) = -g - 1. Let y(o) = -3*b(o) + 7*z(o). Determine y(0).
2
Let n = -15 + 10. Let i(m) = -m**2 - 5*m + 2. Determine i(n).
2
Suppose 0 = 2*y - 3*y + 2. Let r(g) = g - 1. Let q be r(8). Suppose -3*n = y + q. Let x(f) = -f**3 - 2*f**2 + 2*f. What is x(n)?
3
Let c(b) = -3*b**2 - 6*b + 5. Let r(w) = -6*w**2 - 13*w + 11. Let z(x) = -13*c(x) + 6*r(x). Give z(-2).
13
Let y(h) = h**2 + 5*h - 7. Let r be (-3 - 2)*2/(-5). Suppose 0 = -r*g + 5*o + 7, -1 = 4*g + o + 18. Let b = -9 - g. Give y(b).
-7
Let x(k) = k**3 - 6*k**2 + 5*k - 5. Let d = 46 - 26. Let l = -15 + d. Give x(l).
-5
Let v(m) = 4*m - 2*m - 3*m - 3. Suppose 15 = 2*d + 3*z, 0 = 2*z - 3 - 3. Suppose 0*q - q + 11 = 4*n, 5*q = d*n - 37. Determine v(q).
2
Let w(s) = 6*s + 7. Let z(g) = 5*g + 7. Let a(q) = 3*w(q) - 4*z(q). Let y(i) = -2*i - 8. Let b(r) = -6*a(r) + 5*y(r). What is b(-3)?
-4
Let o(c) = -3*c + 1. Let r(u) = -u**2 - 7*u - 3. Let x be r(-7). Let h = x + 4. Determine o(h).
-2
Let w(c) = 1. Let z(s) = 0*s - 5*s + 6 + 2*s. Let y(b) = 18*w(b) - 3*z(b). Suppose -2 = -4*d - 5*h - 1, -d - 4 = -3*h. Give y(d).
-9
Let s(d) = -d - 10. Let v(q) = q - 6. Let i be v(-3). Give s(i).
-1
Let t(a) = -a**2 - 17*a - 5. Let j be t(-17). Let d(b) = b**2 + 5*b - 3. Determine d(j).
-3
Let w = 1 + -1. Suppose 4*n - 21 + 1 = w. Let i(u) = -u + 3. What is i(n)?
-2
Let t be (-1 - (-2 + 1))/1. Let p(q) be the third derivative of t + 0*q + 0*q**3 - 1/12*q**4 - q**2. Determine p(2).
-4
Suppose 0 = -2*l + 8 - 2. Let x(d) = 7*d**2 + 6*d - 10. Let w(s) = -6*s**2 - 5*s + 9. Suppose -5*n - 7 - 18 = 0. Let f(y) = n*x(y) - 6*w(y). Calculate f(l).
5
Let j(k) = -5 + 13*k**2 + 0*k**2 + 2 + k + 2*k**3. Let d(q) = -q**3 - 6*q**2 + 1. Let z(c) = -7*d(c) - 3*j(c). Calculate z(-4).
-2
Let y(i) = i**3 - 4*i**2 + 2*i + 2. Suppose c = 3*c - 10. Let u be (-6)/(-5)*c/2. Calculate y(u).
-1
Let q(o) = -o**2 + 4*o - 3. Suppose 0*j - 3*j + 3 = 0. Let a be 17/j*(-3 + 5). Let w be a/9 - 2/(-9). Calculate q(w).
-3
Let g(f) be the third derivative of -f**4/6 - f**3/3 - 4*f**2. Let a = -5 + 3. Determine g(a).
6
Let v(a) = -4 + 4 + 2 - 3. Let k(c) = -c - 2*c + 2*c + 1. Let w(b) = k(b) + 2*v(b). What is w(-3)?
2
Let f(l) = -l - 7. Let j(u) = 3*u**3 + u**2 - u + 1. Let i be j(1). Suppose i*y - 15 - 37 = 0. Suppose d = -2*b + 3*d - 10, 4*b + y = -3*d. Calculate f(b).
-3
Let a(t) = -4*t - 1. Let l(q) = 9*q + 3. Let s(g) = -7*a(g) - 3*l(g). Give s(-5).
-7
Let p(f) = 5*f**3 + 9*f**2 + 3*f + 5. Let c(q) = 6*q**3 + 10*q**2 + 3*q + 6. Let w be (-4)/((-4)/(-12)*3). Let g(s) = w*c(s) + 5*p(s). Determine g(-4).
5
Let x(s) be the second derivative of s**3/6 + 5*s**2/2 - s. Let j(f) = f**3 - 7*f**2 - 3. Let w be j(7). Let d = w + -1. Calculate x(d).
1
Let u(j) = -1 - j - 2 + 6. Let v = 79 + -75. Let r be u(v). Let k(w) = 12*w**2 - 2*w - 1. Give k(r).
13
Suppose w = -3*b - 2, 6 + 11 = -3*w + 2*b. Let k = w + 3. Let h(z) be the second derivative of z**5/20 - z**3/2 - z**2 + z. Calculate h(k).
-4
Suppose 4*g - 3*h + 2 = -h, 5*g = 2*h - 2. Suppose 3*u + 1 - 46 = g. Let n = -10 + u. Let z(t) = -t**3 + 5*t**2 - t + 5. Give z(n).
0
Let q(j) = 2*j**2 + 7*j + 12. Let h(i) = -1. Let c(u) = 6*h(u) + q(u). Determine c(-4).
10
Let q(o) be the third derivative of -o**4/6 + o**3 - 5*o**2. Give q(5).
-14
Let z(o) = -o**2 - 10*o - 7. Let n(t) = t**2 + 13*t - 9. Let m be n(-13). What is z(m)?
2
Let t(r) = 95*r**3 + 3 - 4*r + 94*r**3 - 190*r**3 + 4*r**2. Determine t(2).
3
Let z = -8 + 11. Let s(f) = -z*f**2 + 2*f + 2 + 3*f - 4*f. Suppose -4*h + 2*b + 5 + 13 = 0, h - 4*b = 22. What is s(h)?
-8
Let z(j) = 4 - 3*j - 3 + 4 - 1 + 2*j**2. Determine z(-3).
31
Let k(r) = -r**2 - r - 1. Let x(l) be the s